sor of 1926115 and 25.
5
Calculate the highest common factor of 117531 and 1539.
81
Calculate the greatest common divisor of 336 and 88708368.
336
Calculate the highest common factor of 4005 and 14418267.
267
Calculate the highest common divisor of 45885 and 752780.
665
What is the greatest common factor of 476 and 3019436?
28
Calculate the highest common divisor of 7264 and 71641200.
3632
What is the highest common factor of 16 and 83474?
2
What is the highest common divisor of 201036 and 20031?
33
What is the highest common factor of 43120458 and 243?
27
Calculate the greatest common divisor of 159474 and 10374.
42
Calculate the highest common divisor of 1508198813 and 5203.
5203
What is the highest common divisor of 35658 and 30176856?
5094
Calculate the highest common divisor of 3055499 and 78469.
599
What is the highest common factor of 261441 and 567?
27
What is the highest common factor of 513 and 1848225?
57
Calculate the greatest common factor of 1794585 and 975.
195
What is the greatest common factor of 1030657038 and 2514?
2514
Calculate the highest common divisor of 21764736 and 2240.
448
Calculate the highest common divisor of 4329598 and 182.
182
What is the greatest common factor of 1969978 and 1442?
206
Calculate the highest common divisor of 985830 and 32640.
510
What is the greatest common divisor of 226544 and 4112?
16
Calculate the highest common divisor of 10132300 and 10.
10
Calculate the highest common divisor of 596678 and 6.
2
What is the greatest common divisor of 5066 and 3433258?
298
Calculate the highest common divisor of 5708993 and 239.
239
What is the greatest common divisor of 14645630 and 20?
10
What is the greatest common divisor of 25538699 and 31?
31
What is the highest common factor of 11073219 and 57?
57
Calculate the greatest common divisor of 322 and 21116872.
14
Calculate the greatest common factor of 124 and 191269690.
62
What is the highest common factor of 1580 and 10670180?
20
Calculate the greatest common divisor of 1281120 and 86880.
480
What is the highest common divisor of 92336 and 9520?
16
Calculate the greatest common factor of 322 and 119965286.
322
Calculate the highest common factor of 8604472 and 344.
344
What is the greatest common divisor of 18842885 and 42160?
2635
Calculate the highest common factor of 22524 and 1308.
12
What is the greatest common divisor of 1791 and 91579203?
1791
Calculate the greatest common divisor of 44 and 35055856.
44
What is the highest common factor of 55 and 614251055?
55
Calculate the greatest common factor of 451008 and 7452.
324
Calculate the highest common divisor of 2934 and 636352.
326
What is the greatest common factor of 990 and 113850858?
66
What is the greatest common factor of 13379735 and 3485?
205
Calculate the greatest common factor of 10762 and 149263559.
5381
Calculate the highest common factor of 17256 and 86352.
24
What is the highest common factor of 170631020 and 184?
92
What is the greatest common divisor of 39 and 16639948?
13
Calculate the highest common divisor of 1518 and 2312013.
33
Calculate the highest common factor of 702929184 and 3.
3
What is the greatest common factor of 15541184 and 3552?
1184
What is the highest common factor of 220 and 4558807?
11
Calculate the highest common divisor of 69369 and 47652.
57
What is the greatest common factor of 52536586 and 1948?
974
Calculate the greatest common divisor of 1556780 and 1280.
20
What is the highest common divisor of 513 and 48251241?
513
What is the greatest common divisor of 5 and 504361015?
5
Calculate the highest common factor of 3325 and 1817179.
133
What is the highest common divisor of 2599 and 12091?
113
Calculate the greatest common factor of 4812510 and 1710.
570
What is the highest common divisor of 410875 and 178125?
2375
Calculate the highest common divisor of 359 and 3863.
1
Calculate the greatest common factor of 24442 and 47916.
242
Calculate the greatest common divisor of 36040122 and 36.
18
What is the highest common factor of 848723792 and 1132?
1132
Calculate the greatest common divisor of 587158 and 96096.
286
What is the greatest common divisor of 554 and 9702479?
277
Calculate the highest common divisor of 63 and 131577831.
63
Calculate the greatest common factor of 7212367 and 8668.
197
Calculate the greatest common factor of 316937950 and 150.
50
What is the greatest common factor of 1098826 and 7664?
958
What is the highest common factor of 154120 and 364880?
40
What is the greatest common factor of 2580 and 413832?
516
Calculate the greatest common divisor of 4 and 18482148.
4
Calculate the highest common divisor of 221113 and 3280.
41
What is the greatest common divisor of 220 and 1751024?
44
What is the greatest common divisor of 6052 and 272261324?
6052
Calculate the greatest common divisor of 64 and 1390672.
16
Calculate the greatest common divisor of 1365 and 225435.
105
What is the highest common factor of 63 and 62319537?
63
Calculate the highest common divisor of 12361100 and 4260.
1420
Calculate the highest common factor of 425403 and 198.
99
What is the greatest common divisor of 9720 and 12668400?
3240
Calculate the greatest common divisor of 92 and 3912900024.
92
What is the greatest common factor of 26178866 and 3374?
3374
What is the highest common divisor of 3074 and 68299669?
1537
Calculate the greatest common factor of 549939 and 20709.
2301
Calculate the greatest common divisor of 688 and 3595616.
16
What is the greatest common divisor of 6613 and 512720?
17
Calculate the greatest common divisor of 270 and 588915.
45
What is the greatest common factor of 661290 and 379680?
210
What is the greatest common divisor of 1700 and 58970?
10
What is the highest common factor of 69792 and 1185248?
32
What is the greatest common factor of 16061297 and 21?
7
Calculate the highest common divisor of 638416 and 7664.
16
What is the greatest common divisor of 2079451 and 2024?
11
Calculate the highest common divisor of 46434373 and 5802.
967
What is the highest common factor of 138974 and 517?
11
Calculate the greatest common divisor of 26398700 and 300.
100
Calculate the highest common divisor of 167054236 and 4.
4
What is the highest common divisor of 68006799 and 504?
63
What is the highest common divisor of 1232 and 2672656?
112
Calculate the highest common divisor of 7219080 and 3240.
360
Calculate the greatest common factor of 17805 and 29145.
15
Calculate the highest common factor of 97297473 and 10857.
987
What is the greatest common divisor of 70091801 and 507?
13
What is the greatest common divisor of 27284 and 625556?
76
What is the highest common factor of 813348 and 916164?
1836
Calculate the highest common factor of 6962196 and 1692.
12
What is the greatest common divisor of 23096 and 2312?
8
Calculate the greatest common factor of 312 and 12449684.
52
What is the highest common factor of 952 and 1134665?
119
What is the greatest common divisor of 4402 and 760678?
62
What is the highest common factor of 17660 and 49204292?
3532
What is the greatest common divisor of 10611 and 6375?
3
What is the greatest common divisor of 64557 and 115155342?
7173
Calculate the highest common factor of 7841097 and 27423.
99
What is the greatest common factor of 125380654 and 70?
14
What is the highest common factor of 36067003 and 1?
1
Calculate the highest common divisor of 2059469991 and 2097.
2097
Calculate the highest common factor of 788 and 4240228.
788
Calculate the greatest common divisor of 2421 and 3814689.
807
What is the highest common factor of 370094 and 12238?
422
What is the greatest common factor of 166440 and 1283640?
2280
What is the greatest common factor of 7247622 and 406?
58
Calculate the greatest common divisor of 1291 and 480872971.
1291
What is the highest common divisor of 144 and 433532052?
36
What is the greatest common factor of 1476 and 10006296?
492
Calculate the greatest common divisor of 280 and 998450.
10
What is the greatest common divisor of 7293 and 1434147?
429
Calculate the greatest common divisor of 11504 and 4292430.
1438
Calculate the greatest common factor of 12 and 73460920.
4
What is the highest common divisor of 490633 and 1468468?
3431
What is the greatest common factor of 48 and 734574528?
48
Ca